3. Let p be 2/(-11 + (-155)/(-15)). Determine t(p).
3
Suppose -23 = f - 2*l - 8, -2*f - 15 = -l. Let k(i) = -i**3 - 5*i**2 + i + 7. Let r be k(-5). Let g(s) = 0*s**3 + 2*s - 4 + s**3 + 0*s + 6*s**r. What is g(f)?
11
Let d be (-24)/(-20) + 28/35. Let k(c) = 3*c + 82*c**2 + d*c**3 - 3*c**3 - 79*c**2 - 3. What is k(3)?
6
Let u = -4 - -7. Suppose -t = -4*q + 16, t = -2*q - u*t - 10. Let n(y) = -y + 4 + 6 - 11. What is n(q)?
-4
Let s = -7 - -17. Let n(i) = 14 + i - 47 + 19 + s. Determine n(3).
-1
Let x = 2 + 0. Let h = 79 + -36. Let y(j) = 13 - h + 16 + 15 - 3*j**2 - j. What is y(x)?
-13
Let m(l) = -l**2 + 4*l - 4. Let s be -3 + 6 - 0 - 1. Suppose s*z - 16 = -2*z. Give m(z).
-4
Let i be 24/30 + (-36)/(-5). Let f = -2 + i. Let t(s) = -3*s**2 + 6*s + 4. Let x(h) = 7*h**2 - 13*h - 7. Let d(l) = -5*t(l) - 2*x(l). What is d(f)?
6
Let r(v) = -3*v + 16. Let f(m) = 4*m - 18. Let h(a) = 2*f(a) + 3*r(a). Let o = -17 + 24. What is h(o)?
5
Let i = -1931 + 1926. Let y(a) = 14*a - 1. What is y(i)?
-71
Let g be -1 + 6 - (9 - -1). Let k(b) = -2 + 0*b**3 - b**3 - 5*b**2 + b + 1. Determine k(g).
-6
Let j be (-4 - (-5)/5) + 77. Let t = j - 78. Let u(m) = m**2 + 2*m - 1. What is u(t)?
7
Suppose -25*y - 7 = -24*y. Let u(r) = 6*r + 2. Determine u(y).
-40
Let p(s) = s - 1. Suppose c = -3*h + 6*c + 8, 2*h - 5*c = 2. Suppose -b + 3*b - h = 0. Determine p(b).
2
Let k(n) = n**2 + 18*n + 30. Let o be k(-17). Let d(r) = -r**2 + 12*r + 13. Give d(o).
0
Let t = -2 + 10. Suppose i + i = -4*h - t, 4*i - 12 = -h. Suppose -4*m + 2*v = m - 35, -i*v - 20 = 0. Let c(r) = r**2 - 8*r + 7. Give c(m).
-8
Let k(d) = 7*d**2 + 3. Let n(x) = x**2 + x + 1. Let y(a) = -k(a) + 2*n(a). Calculate y(1).
-4
Let h(s) = -s**2 - 5*s. Let u = -31 + 43. Let b = u + -17. Determine h(b).
0
Let t be 8/(-16)*(-24)/3. Let w(m) be the third derivative of 5*m**2 - 1/60*m**6 - 1/6*m**3 + 0*m**t + 0*m**5 + 0 + 0*m. Give w(-1).
1
Let v(p) be the second derivative of 5*p**3/3 + p**2/2 + 186*p. Give v(-1).
-9
Let n(z) = z**2. Suppose 9*y - 12 = 3*y. Give n(y).
4
Let u be (11 + -3)/(-4 - (-3 - -1)). Let c(g) = 3. Let t(y) = y. Let h(q) = c(q) + 2*t(q). Calculate h(u).
-5
Let m(n) = n**3 + 11*n**2 + 10*n - 13. Let q be 36/(-2) + 1 + 7. Calculate m(q).
-13
Let i(p) = -2*p**3 + 2*p**2 + 3*p - 2. Let t be i(2). Let s(x) = -9*x**2 - 15*x - 3. Let d(g) = 2*g**2 + 3*g. Let h(a) = 4*d(a) + s(a). What is h(t)?
-7
Let t(u) be the first derivative of -2*u**3 + u - 11 - 2*u**2 - 1/4*u**4. Give t(-5).
-4
Let a(k) = -k**3 + 20*k**2 - 20*k + 26. Suppose 6*n - 2*c = 3*n + 53, -3*n + 65 = 4*c. Give a(n).
7
Let v be 1 + (5 - 2)/(-1). Let p be 3/(12/(-10))*v. Let o(q) = 34*q + 8. Let h(x) = 93*x + 23. Let i(k) = 4*h(k) - 11*o(k). What is i(p)?
-6
Let o(r) = -r**3 - 3*r**2 + r - 4. Suppose 3*f + 30 = -75. Let d be 132/21 - (-10)/f. Let l = 3 - d. Give o(l).
-7
Let l(m) be the second derivative of -m**4/6 - m**3/2 - m**2 - 11*m - 16. Give l(4).
-46
Let x = -614 + 436. Let k = x + 175. Let g(i) = i**2 + 11*i + 4. Let j(n) = n. Let h(c) = -g(c) + 6*j(c). Give h(k).
2
Let r(p) = p. Let q(x) be the second derivative of -2*x**3/3 + x**2/2 + x. Let a(m) = q(m) + 5*r(m). Let v = 8 - 13. Give a(v).
-4
Let h be 480/144 - 2/6. Let o(a) = a**2 + 4*a + 3. Let n be o(-3). Let w(u) = -4 + n + h*u + 0*u - u. What is w(3)?
2
Let k(j) be the second derivative of j**4/12 + 4*j**3/3 + j**2/2 - 3*j + 4. What is k(-8)?
1
Let r(h) = h**3 + 3*h**2 + 2. Let o be r(-2). Let l(t) be the first derivative of -t**3/3 + 5*t**2/2 - t - 1264. Calculate l(o).
-7
Let k be 96/(-6) + (0/(-1))/2. Let i(u) = 34*u - 6. Let t(q) = -7*q + 1. Let g(f) = k*t(f) - 3*i(f). Calculate g(-2).
-18
Let f(j) = -15*j - 25. Let c be f(-1). Let q(z) = -5*z - 6. Determine q(c).
44
Let v = 34 + -32. Let b be 0 - (12/(-6) - (-6)/v). Let z(y) = 7*y**3 + y. Determine z(b).
-8
Let x(z) be the first derivative of -z**2/2 + 4*z + 403. Let c be -3*2*8/(-6). Give x(c).
-4
Let d(q) be the first derivative of -q**4/4 - q**3 - 2*q**2 - 3*q - 1. Suppose -2*j = -t + j + 7, -49 = 3*t + 5*j. Let i be (-8)/2 - 16/t. What is d(i)?
1
Let p(x) = -3*x**3 - 3*x**2 + 2*x - 3. Suppose 0 = 3*z - n - 5, 3*z + 6*n = 6*z. What is p(z)?
-35
Let c = 8 + 24. Let t be 5/(-4) - (-8)/c. Let b(a) = -8*a - 3*a + 5*a - 1. Give b(t).
5
Let x(d) = d**3 - d**2 - d + 1. Let s be x(0). Let k(z) be the first derivative of z**3/3 - z**2/2 - z + 180. Give k(s).
-1
Let s(l) = -l**3 + 12*l**2 - 28*l - 34. Let f be s(8). Let q(w) = -w - 8. Calculate q(f).
-6
Let g(l) = -l**3 + 7*l**2 + 8. Let c = -73 - -80. Determine g(c).
8
Suppose 10 = 2*b - 0*b. Suppose 0*y - 4*a = y - 18, 0 = -b*y + a + 6. Let z(d) = 1 + d**2 + 1 - y*d - 1. Determine z(2).
1
Let q(n) be the second derivative of -n**3/6 + n**2 - 167*n + 2. Determine q(8).
-6
Let i(s) = -3*s + 28. Suppose 2*m + 2*p - 34 = 6*p, 2*m = -p + 14. Let y be i(m). Let f(r) = -9*r**3. What is f(y)?
-9
Suppose 0 = 4*i - 2*z - 92, -4*i + 3*z = -0*z - 94. Suppose -23 = -i*v + 43. Let o(p) = p - p - p + 0. What is o(v)?
-3
Suppose 3*g - 14*g = -11. Let i(m) = 39*m - 1. Determine i(g).
38
Suppose -8*z + 7*z + 6 = 0. Suppose -8 + z = -b. Let o(l) = -l + 1. What is o(b)?
-1
Let z(v) be the third derivative of 25*v**2 - 1/60*v**5 + 0 + 0*v + 0*v**4 + 1/2*v**3. Give z(0).
3
Let t = -23 + 23. Suppose 2*g = 4*l - 11 - 11, 3*g - 2*l + 29 = t. Let a(j) = -15*j - 15. Let b(i) = 7*i + 7. Let v(m) = 6*a(m) + 13*b(m). Calculate v(g).
-8
Let f = -94 + 99. Let z(r) = 28*r**2 - 27*r**2 - f - r + 1. What is z(-4)?
16
Let d = -31259/60 + 521. Let p(s) be the third derivative of -1/24*s**4 + 0*s - 1/3*s**3 + 0 + 5*s**2 - d*s**5 - 1/120*s**6. Calculate p(-2).
4
Let w(z) = 2*z**3 - 3*z + 2. Let d(u) = 0*u + 3 + u + 14. Let i be d(-6). Let p = -9 + i. What is w(p)?
12
Let v be 6/9 - 51/102. Let k(o) be the second derivative of -4*o + 0 + v*o**4 - 2/3*o**3 + o**2. Calculate k(2).
2
Let l(n) = -n**2 + 5*n - 1. Let i(c) = c**2 + 29*c - 53. Let g be i(-31). Calculate l(g).
-37
Let h = 1 + -5. Let l(f) be the second derivative of 0 - 1/6*f**3 + 13*f - 9/2*f**2. Determine l(h).
-5
Let z(y) = y + 1. Let q(d) = d**3 - 7*d**2 - 5*d + 1. Let c(x) = -q(x) - 5*z(x). What is c(7)?
-6
Let w(j) = j**2 + 3*j + 2*j + 1 + j. Let k = 17 - 14. Suppose 0 = 2*q - 3*z - 3, 3*q - 2 = -k*z - 35. What is w(q)?
1
Suppose -14*w - 12 = -15*w. Suppose 4*d - 7*d - w = 0. Let a(l) = 2*l**2 + 2*l - 5. Give a(d).
19
Let v(k) = -k**3 + 15*k**2 - 33*k - 33. Let z be v(12). Let b(g) = 3*g - 9. What is b(z)?
0
Let c(b) = 2*b - 3. Suppose -21 - 2 = -o. Let g = -16 + o. Determine c(g).
11
Suppose 6*k + 13 = -5. Let g(w) = -2*w**2 + 2*w - 19. Let f(b) = 3*b**2 - 3*b + 19. Let p(z) = k*f(z) - 4*g(z). Give p(0).
19
Let b be 2/(-1)*(-6)/(-4). Let h(i) be the third derivative of -1/120*i**6 + 59 + 0*i + 5/24*i**4 - 2*i**2 - 1/60*i**5 + 1/3*i**3. Calculate h(b).
5
Suppose -4*o - 5*t + 29 = -0*o, -2*t + 12 = 2*o. Let h(k) = -k + 1. Let p(s) = -6. Let u(q) = o*p(q) + 2*h(q). Determine u(-3).
2
Let r(x) = 5*x - 46. Let f be r(10). Suppose 0 = f*p - 7*p + 3*s + 9, 3*s = 2*p - 1. Let q(i) = -i**3 + 8*i**2 + i. Determine q(p).
8
Let w(k) = -13*k - 3. Let z(f) = -4*f + 1. Let l(d) = -w(d) - 5*z(d). Determine l(1).
31
Let c = 339 + -336. Suppose r = -0*r + 2. Let p(u) = -r + 3*u + 0 + c - u. Determine p(2).
5
Let i(d) = d**2 - 6*d + 1. Let j = -47 + 41. Let x be (j/(-72)*8)/((-2)/(-9)). What is i(x)?
-8
Let m be ((252/(-16))/(-7))/(12/48). Let y(n) = n - 9. What is y(m)?
0
Let f(y) be the third derivative of -y**4/24 - y**3 + 59*y**2. Determine f(0).
-6
Suppose 3*q - 24 = -q. Let g be (-2)/q - (-20)/6. Let k(i) = 5*i + 4*i - 4*i - g*i - i**2. What is k(4)?
-8
Let d(p) = -p**2 + 8*p + 4. Let x(r) = -r**3 - 12*r**2 - 21*r - 5. Let l be x(-10). What is d(l)?
19
Let d be -2*(2 + 6)/(-4). Suppose -d*s = -2*v + 6, -3*v - 3*s - 1 = -8*v. Let j(l) = -8*l**2 - l - 1. Give j(v).
-8
Let r(i) = -i - 3*i - 2 + 0*i. Let b(q) = q**2 + 49*q - 98. Let j be b(2). What is r(j)?
-18
Let t(a) = -a - 4. Let n be t(-4). Let c(s) = 19*s + 11. Let u(z) = -9*z - 5. Let m(w) = 8*c(w) + 17*u(w). Give m(n).
3
Let y(f) = -103*f**2 - 107*f**2 + 3 + f**3 + 207*f**2 - 2*f**3. Suppose u + 3*h = -h - 15, -h = 3. Give y(u).
3
Let s(y) = -930 - 3*y + 460 + 462. What is s(-9)?
19
Let b(w) = 5*w - 46. Let l 